0 - 0?
-509650
In base 16, what is 633 - c8?
56b
In base 2, what is -101000 + -1101000101?
-1101101101
In base 16, what is -1 + 6fa5?
6fa4
In base 9, what is -311 + -108?
-420
In base 7, what is 33613166 - 0?
33613166
In base 16, what is 54 - 3a?
1a
In base 12, what is 239 - -114?
351
In base 16, what is -2 - -bef5?
bef3
In base 15, what is -79ed44 - 4?
-79ed48
In base 15, what is -39 - c?
-46
In base 8, what is -5 + -25650?
-25655
In base 10, what is 10 + -6632?
-6622
In base 2, what is 1101100 + 101011000110?
101100110010
In base 14, what is 360 + -29?
335
In base 4, what is -220 + -11100?
-11320
In base 6, what is 40555 + 203?
41202
In base 2, what is -10011001000001 - 111110?
-10011001111111
In base 12, what is b - 8b16?
-8b07
In base 16, what is 5 - d322?
-d31d
In base 2, what is 10010010000 - 1011001?
10000110111
In base 16, what is 5140 + c?
514c
In base 15, what is 212300 + -2?
2122ed
In base 15, what is -3850 - -5?
-384a
In base 8, what is -61631 + -2?
-61633
In base 11, what is 14184 + 15?
14199
In base 11, what is -32a4 - -1a7?
-30a8
In base 11, what is -171925 - -3?
-171922
In base 10, what is -107466 + 3?
-107463
In base 8, what is 1044 + -120?
724
In base 11, what is -1 + -16434?
-16435
In base 15, what is 53c + -33?
509
In base 15, what is -4a13 - -4?
-4a0e
In base 9, what is 3 - -326634?
326637
In base 3, what is 102001202 + 10?
102001212
In base 12, what is 31 + 245?
276
In base 13, what is -1463c2 + -2?
-1463c4
In base 8, what is -45024 - -5?
-45017
In base 12, what is 8b - -622b?
62ba
In base 12, what is 134 - 1b9b6?
-1b882
In base 16, what is -14 - 8f6?
-90a
In base 10, what is -23 + 7302?
7279
In base 5, what is 14342141 + 1?
14342142
In base 8, what is -1530 - 1560?
-3310
In base 7, what is -640 - 12?
-652
In base 15, what is a3 - 18a?
-d7
In base 8, what is 2 - 316230?
-316226
In base 8, what is -5 - -600400?
600373
In base 10, what is -3376 - -45?
-3331
In base 5, what is -2 - 11344201?
-11344203
In base 15, what is 316c - -1?
316d
In base 14, what is -1 - -8006a?
80069
In base 16, what is -9 - 24484?
-2448d
In base 7, what is -141 - 5654?
-6125
In base 11, what is -1935 - -390?
-1555
In base 7, what is 6016 + 11?
6030
In base 9, what is -164 + -712?
-876
In base 2, what is -10101111 + -10100100?
-101010011
In base 4, what is 1002323113 + -11?
1002323102
In base 9, what is -8 + -7163?
-7172
In base 4, what is -2 + 3100330313?
3100330311
In base 13, what is -119ac - -4?
-119a8
In base 2, what is 10010 - 100101100011011?
-100101100001001
In base 12, what is -a - 2583?
-2591
In base 16, what is -db9 - -21?
-d98
In base 5, what is -1304 - 14430?
-21234
In base 2, what is 1000 - -101110001100?
101110010100
In base 13, what is 21 + 20637?
20658
In base 2, what is -100001100000000010000 + 100?
-100001100000000001100
In base 15, what is 1370 + -2c4?
109b
In base 13, what is 2453 - 30?
2423
In base 6, what is -11 - 54052?
-54103
In base 6, what is -113031 - 5?
-113040
In base 11, what is -2 + 88?
86
In base 13, what is 232 - -58?
28a
In base 15, what is 18878c - 3?
188789
In base 5, what is -223 - 4333?
-10111
In base 5, what is -3 + 13013003?
13013000
In base 9, what is -113 + -1338?
-1452
In base 6, what is -4005043 + -2?
-4005045
In base 12, what is -7a93 + -1?
-7a94
In base 7, what is 20505 + -131?
20344
In base 13, what is -6 + 374388?
374382
In base 7, what is -1452321 - -4?
-1452314
In base 13, what is -4a0b + -16?
-4a24
In base 8, what is -6126 - 145?
-6273
In base 10, what is 0 + -57422?
-57422
In base 9, what is -1273 - -202?
-1071
In base 16, what is -59 - -32e?
2d5
In base 4, what is 311300 + 200?
312100
In base 8, what is 357 - -526?
1105
In base 15, what is -22 + -3dd5?
-3e07
In base 5, what is -2142 + 1401?
-241
In base 5, what is 4 - 33331210?
-33331201
In base 13, what is -4 - 2aa452?
-2aa456
In base 13, what is -b6 + 140?
57
In base 6, what is -2 + -32053?
-32055
In base 10, what is -113 + -512?
-625
In base 6, what is 11334232 + 0?
11334232
In base 10, what is 1 + -28802?
-28801
In base 2, what is 11110010 + 10100?
100000110
In base 11, what is 405 - -7?
411
In base 16, what is 15 - 2e6f?
-2e5a
In base 3, what is 121020112201 - -11?
121020112212
In base 5, what is 1 - 3121?
-3120
In base 2, what is 100100010 + 110010?
101010100
In base 2, what is 10001000000 + -100011100?
1100100100
In base 15, what is 9 - -1749b?
174a5
In base 13, what is -2 + -334c6?
-334c8
In base 4, what is 20033 - -303?
21002
In base 12, what is -8769b - 5?
-876a4
In base 15, what is -2a1 - -554?
2a3
In base 9, what is -28 + -5760?
-5788
In base 9, what is 144 + -1574?
-1430
In base 12, what is -4 + -b5980?
-b5984
In base 4, what is -112333121 + -2?
-112333123
In base 13, what is 57b - 1311?
-a63
In base 8, what is -3521 + 71?
-3430
In base 4, what is -101011332 - -1?
-101011331
In base 15, what is 4 + 3903e?
39043
In base 4, what is -13202023 + -13?
-13202102
In base 4, what is 1002 + -13103?
-12101
In base 6, what is 112 + -4255?
-4143
In base 7, what is -321653 + -12?
-321665
In base 14, what is -49a + -2d?
-4c9
In base 13, what is 0 - 9273?
-9273
In base 7, what is -14202 - 5?
-14210
In base 8, what is 2 + 141437?
141441
In base 8, what is 37001 - -13?
37014
In base 11, what is -116 + -a45?
-1060
In base 10, what is -3 - 70273?
-70276
In base 9, what is -2284 + 817?
-1366
In base 7, what is -30560 - 21?
-30611
In base 16, what is -1 - 2e21?
-2e22
In base 16, what is 2334 - -9?
233d
In base 6, what is -3131 + -3505?
-11040
In base 14, what is -807ac + -1?
-807ad
In base 15, what is -1a320 + 2?
-1a31d
In base 12, what is 24 - 4761?
-4739
In base 2, what is -1101010011101100 + 1110?
-1101010011011110
In base 12, what is 6 + a3a9?
a3b3
In base 15, what is -92c + 4b?
-8d1
In base 11, what is a060 + -2?
a059
In base 8, what is -5 - 645545?
-645552
In base 7, what is 2636 + 54?
3023
In base 16, what is -6ecc1 + 7?
-6ecba
In base 4, what is -11 - 23013231?
-23013302
In base 9, what is -381 + -33?
-424
In base 4, what is 10 + 2001001?
2001011
In base 5, what is 1 + -23412142?
-23412141
In base 10, what is 0 - 6718?
-6718
In base 15, what is cc13 + 2?
cc15
In base 14, what is 149 - -101?
24a
In base 16, what is 101f - 42?
fdd
In base 11, what is -3 - -1048?
1045
In base 7, what is 32233 + -4?
32226
In base 12, what is -373796 - 1?
-373797
In base 11, what is 5 + -4038?
-4033
In base 8, what is 63 + 12353?
12436
In base 10, what is 9 + 90071?
90080
In base 6, what is -3445430 + 14?
-3445412
In base 16, what is -85f73 - 3?
-85f76
In base 4, what is 200 + -3120301?
-3120101
In base 16, what is b + -a5bf?
-a5b4
In base 12, what is -259 + 25?
-234
In base 4, what is -10 + 1310212022?
1310212012
In base 11, what is 34 - -11aa1?
12025
In base 9, what is -388 - 420?
-818
In base 4, what is -121132112 + 10?
-121132102
In base 6, what is 4 - -332434?
332442
In base 13, what is -21cb2 + 0?
-21cb2
In base 2, what is 111110 + -10110111110010?
-10110110110100
In base 15, what is -21d + -2?
-220
In base 15, what is 489 - -4c?
4d6
In base 9, what is -58522 - 46?
-58568
In base 8, what is 115 + 11666?
12003
In base 14, what is 4 + 1781?
1785
In base 7, what is 2 - 13126146?
-13126144
In base 8, what is -5 + -2777570?
-2777575
In base 7, what is 0 - -1122453?
1122453
In base 13, what is -45063 - -7?
-45059
In base 13, what is 8c + -55?
37
In base 16, what is 4 - 7412?
-740e
In base 5, what is -234441 + 404?
-234032
In base 4, what is 102221 + 1132211?
1301032
In base 15, what is -2879 + -48?
-28c2
In base 15, what is -164de + 12?
-164cc
In base 9, what is 0 + 753?
753
In base 11, what is 272 + 809?
a80
In base 14, what is -1 - -a33a?
a339
In base 2, what is 110 - 1110101010000?
-1110101001010
In base 12, what is -4a612 + -4?
-4a616
In base 10, what is 1228 + 164?
1392
In base 2, what is 1001111011111101000 - -10?
1001111011111101010
In base 14, what is -bc2 - -41?
-b81
In base 11, what is -a - -4354?
4345
In base 10, what is 32169 + -1?
32168
In base 10, what is -12 - -96554?
96542
In base 6, what is 4 - -5110121?
5110125
In base 5, what is 3010341 + 0?
3010341
In base 2, what is -10101101000111101110 + 1?
-10101101000111101101
In base 5, what is 10222011 + 44?
10222110
In base 9, what is -12 - 48318?
-48331
In base 10, what is -14 + 370501?
370487
In base 